et l(f) = 1095*f + 61. Let n(r) = 5*k(r) - 9*l(r). Is n(3) a prime number?
False
Let b(a) = a**3 + 1. Let s(h) = 2*h**3 + 15. Let v be -2*15/(-12)*(-1 - 1). Let k(z) = v*b(z) + s(z). Is k(-7) a composite number?
False
Suppose 468 = 7*q - 267. Let b be 8*((-2)/7)/((-15)/q). Suppose b*n - 2619 = 7*n. Is n prime?
False
Let w be (2/3)/((-1)/381) - -3. Let g = 156 - w. Let x = g + 222. Is x prime?
False
Suppose -218 = 2*v - 6*v - 3*a, 4*v - 222 = -a. Is 6017*(v/(-8) + 8) composite?
True
Let i = -10156 + 20327. Suppose -2*f - 1777 = -i. Is f composite?
True
Is (3 + -5)/((-28)/(-3315802)*(-1 - 0)) a prime number?
False
Let f = -852 + 995. Let a = -15 - -29. Let g = a + f. Is g a composite number?
False
Suppose -4*a = 7 - 139. Let i = a + -25. Is 1865*1 - (-16)/i prime?
True
Suppose 439718 - 171613 + 699298 = 23*p. Is p a composite number?
False
Suppose 12*i + 24 - 48 = 0. Let l(n) = n**3 + 8*n**2 + 6*n - 7. Let s be l(-7). Suppose s = -0*y + i*y - 4*t - 130, y - 62 = 5*t. Is y prime?
True
Let b = 3 - 0. Suppose r - 2399 = l, l - 2*l - 7189 = -b*r. Suppose 4*p + p = r. Is p a composite number?
False
Let s be (-7)/(-12)*3 - 2/(-8). Let a be ((-6)/9 - 94730/(-12))*s. Let h = 23688 - a. Is h a prime number?
True
Let s = -21 + 24. Suppose 32*v - 22*v - 51550 = 0. Suppose -8*b + v = -s*b. Is b composite?
False
Let h(t) = -3*t**2 + 27*t - 20. Let a be h(9). Let k be a/10 + -1 + 29514. Let s = k - 20768. Is s a prime number?
False
Suppose 3*b + 5*n + 26 = 0, -5*n = b - 2*n + 6. Let v(t) = -15 - 4*t + 14 + 12. Is v(b) a composite number?
False
Suppose -14*f = -15*f + 523. Let t = -203 + f. Suppose h = -5*y + t, h = 3*h + 10. Is y composite?
True
Let n be 3/24 + (-39)/(-8). Suppose 0 = 5*v - n*j + 2*j + 17279, -6896 = 2*v + 4*j. Let o = -1983 - v. Is o prime?
True
Let u = 121972 - 59353. Is u composite?
True
Let y(p) = -3063*p**3 + 14*p**2 - 17*p - 45. Is y(-3) composite?
True
Let p(j) = 3251*j**3 + 10*j**2 + 16*j - 68. Is p(3) prime?
False
Let x = 54 - 69. Let l be 2 + 73165/25 - 6/x. Let f = l - 1856. Is f prime?
False
Let k be ((-2272)/(-20))/(-1 - (-21)/15). Let r = 15 + k. Is r a composite number?
True
Let h(c) be the second derivative of -8*c - 19/2*c**2 + c**3 + 0. Is h(17) prime?
True
Let n(c) = 927*c**2 - 401*c + 2833. Is n(7) a composite number?
True
Suppose -26 + 14 = 12*h. Is -1 + -7 - 301*h prime?
True
Let p = 120 + -102. Suppose p*q = 4*y + 20*q - 115608, 2*y - 57806 = -2*q. Is y a composite number?
False
Let r = -191 + 362. Suppose 5*v + 70 = x + 491, 0 = -v - x + 89. Suppose 3*z - 3*m = z + r, -2*m = -z + v. Is z a prime number?
False
Let r(c) = 41341*c**2 - 4*c - 22. Let i be r(-4). Suppose -38*d + i = 12*d. Is d a composite number?
False
Let x = 2734499 + -1530940. Is x a prime number?
False
Suppose -32336 = -3*g + 4*d + 3893, g = -d + 12088. Is g a composite number?
True
Let q = -19 - -22. Let s(o) = -17*o - 78*o - 3 - q + 7. Is s(-4) composite?
True
Suppose 0 = -2*m + 3*r + 16 - 5, -2*m = 3*r - 5. Suppose c - 298 = 4*y, -4*y + 1644 = m*c + 552. Let h = 39 + c. Is h prime?
True
Let u(z) = -20016*z - 3961. Is u(-7) a prime number?
False
Suppose 3*q - 109*q = -4855058 - 5917404. Is q a composite number?
False
Let i = -33 + 48. Let k be (-2)/i + 32/15. Suppose -t + 3183 = k*t. Is t composite?
False
Let o(p) = -223*p**3 + 11*p**2 + 23*p - 7. Is o(-6) a prime number?
False
Suppose 0 = -23*b + 24*b + 48. Let i be (6988/(-6))/((b/18)/(-4)). Let v = -764 - i. Is v prime?
True
Let i = -680 - -685. Suppose -2*y + 3 - 17 = 5*j, -y + 3*j = -15. Suppose y*c = p + 42, 2*p - 5*p - 66 = -i*c. Is c a composite number?
True
Suppose 114 = 12*i + 66. Suppose 6924 = i*y - 4*h, -25*h = -y - 23*h + 1727. Is y composite?
True
Let n(k) be the first derivative of -71*k**2/2 - 50*k - 18. Let g be n(-23). Suppose 3*z - g = -4*c, 3*z - 622 = -2*c + 951. Is z a composite number?
False
Let x(m) = -7*m**3 + 72*m**2 + 36*m + 38. Is x(-35) prime?
False
Suppose -2*d + 760687 = -84025. Suppose -10*s - 34*s = -d. Is s prime?
False
Suppose 24 = n - 9*n. Let f(h) = 2*h**2 + 4*h - 3. Let z be f(n). Suppose -5 = -5*v, 0 = z*b - v - 171 - 335. Is b a prime number?
False
Let k be (0 + (-4 - -2))/(-1). Let w(i) = -i**3 + 3*i**2. Let u be w(k). Is u - ((-1 - -1) + -1299) a prime number?
True
Let k(u) = -u**2 - 14*u - 28. Let t be k(-10). Let w be (-3)/(t/(-1379)) - (-10)/40. Suppose -w = 4*g - 7*g. Is g prime?
False
Let u be (-22)/2 + 2 - -3. Let w = -55 - -45. Is (212/u)/(w/15*1) prime?
True
Let f(w) = 2606*w**2 + 16*w - 17. Is f(1) a prime number?
False
Suppose -b = 3*c - 47819, 0*c - 47820 = -b - 4*c. Suppose 7*u = 206023 - b. Suppose 46147 = 12*p - u. Is p a prime number?
False
Let s = 7051 + 14. Suppose -s - 1263 = -24*y. Is y a prime number?
True
Suppose 3*q + 0*q - 22353 = 0. Is q composite?
False
Suppose 254 = 13*z - 344. Suppose -z*i = -37*i - 24813. Is i a composite number?
True
Let f = 520 + -1711. Is (f/(-12))/(86/(-88) + 1) prime?
False
Let o(v) = 41*v**2 - 8*v - 369. Is o(32) a composite number?
True
Let t = -36 + 29. Let z(u) = -u**2 - 6*u. Let n be z(t). Is (n - -5)*((-1941)/6 - 0) a prime number?
True
Let l(v) = -v**3 + 7*v**2 - 36*v + 78. Let x be l(14). Let z be 5462/(-2 + (-12)/(-3)). Let i = x + z. Is i prime?
False
Let i(p) = -115*p - 41. Suppose 0 = 8*k - 10*k - 52. Let w be i(k). Is (-5)/(60/w)*-4 composite?
False
Let h(a) = a + 1. Let w be h(7). Let f(v) = -w*v + 11*v + 10*v + 11*v**2 + 0 - 3. Is f(5) a composite number?
False
Let c = 85557 + -46640. Is c a composite number?
False
Let h(z) = z**2 + 9*z - 7. Let g be h(-10). Suppose -g*j = 2*j + j. Suppose -6405 = -5*r + 4*w, 4*r + 0*r - 3*w - 5125 = j. Is r a prime number?
False
Is (120/(-15) - -32) + 222629 a prime number?
False
Suppose -5276 = -4*k + 2*k. Let p = -815 + k. Is p prime?
True
Suppose -2*k + 15115 = 2*t - 163867, -3*k = t - 268485. Is k composite?
True
Let o = 43 + -43. Suppose 0 = -5*f - 3*m + 1943, -f + 375 = -o*m + 4*m. Let b = f - 74. Is b a prime number?
True
Let m(i) be the third derivative of 0 + 0*i**3 + 0*i + 37/20*i**5 + 18*i**2 + 0*i**4. Is m(1) a composite number?
True
Suppose -6*i = -18522 - 13260. Is i composite?
False
Suppose 0 = -4*k - 17 + 33. Suppose -m + 2*p = -3117, m - k*m = -5*p - 9346. Is m a prime number?
False
Suppose -67*w - 35 = -68*w. Is 182950/w + (-1)/7 a composite number?
False
Let d(v) = -2*v**2 + 46*v - 144. Let i be d(30). Let f = 12095 + i. Is f prime?
False
Let n(k) = 67*k**2 + 73*k**2 - 17*k**2 + 2*k + 6*k + 42 - 30. Is n(-5) prime?
False
Let l be (-2 - -3)*(0 + 3) - -48. Is (-6)/51 - (-350937)/l a prime number?
False
Suppose -7*h = -2*h - 25. Suppose -2*v - 12 = -h*v. Let o(r) = 110*r - 21. Is o(v) composite?
False
Is (6/((-336)/296) - -5) + 2406711/21 a composite number?
True
Is ((-52971)/(-6))/(26/(-884))*(0 + -1) prime?
False
Let t(d) = 2*d**3 - 20*d**2 + 38*d - 49. Is t(15) prime?
False
Let o(t) = -38*t - 4. Let r(a) = 5*a + 8*a + 8*a - 22*a. Let g(w) = o(w) + r(w). Is g(-5) composite?
False
Suppose -4*j + i = -222243, 5*j + 159786 = 2*i + 437589. Is j composite?
True
Let l = 17794 - 6368. Let r = 37 + l. Is r a prime number?
False
Let b(q) be the first derivative of 4507*q**3/3 + 30. Is b(-1) prime?
True
Suppose o = 2*r + 88, -5*r + 181 = 2*o - 40. Suppose x + d - o = 0, -12 = x + 3*d - 102. Suppose 0 = -0*a - 2*a + x. Is a prime?
False
Suppose -5*d - 5*i = -252040, 0 = -4*d + 3*i + 9306 + 192361. Is d prime?
False
Suppose -33*g + 32*g + 202 = 0. Let y = g + 9. Is y prime?
True
Let h(q) = 215*q**3 - 33*q**2 + 175*q - 23. Is h(6) a prime number?
True
Suppose 3*u - 53 = 2*z, 5*u - 27 = 5*z + 98. Is (-1486)/(-5)*(-55)/z a prime number?
True
Let a be 162/24*(-8)/(-3). Let t(y) = 117*y + 73. Is t(a) a prime number?
True
Let s(m) = 115*m**2 - 13*m + 5. Let b be s(-6). Suppose -b = -3*q - 950. Suppose -4*o + 685 = k, 3*k + q = 3*o + 3116. Is k a composite number?
False
Is 17/((-1632)/(-16290984))*(0 + -1 + 5) prime?
False
Suppose 0 = -3*k - 2*r + 489657, -k + 93604 = -2*r - 69607. Is k composite?
True
Let n be 11871*((-185)/(-15) - 12). Let u be 151/(0 + 3/51). Suppose 4*z - n = u. Is z a prime number?
False
Let l = -66 + 156. Let z be (l/(-27))/(4/6). Let w(n) = 72*n**2 - 2*n + 1. Is w(z) a prime number?
True
Suppose 9*w - 7476 = 37407. Is w composite?
Fa